
Suppose 2*k + 3 = 3*k + t, -4*k + 11 = 5*t. Let y(c) = -15*c - 6*c + k - 6. Let a be y(-9). What is the greatest common factor of a and 17?
17
Let d be (-54)/(-54)*(6 + 0)*1. What is the greatest common factor of 54 and d?
6
Let f = -2 - -4. What is the highest common divisor of f and 4?
2
Let f = 4 - 3. Let u be (-1 + 12)/f*1. Let x be ((-30)/25)/(6/(-440)). What is the highest common factor of x and u?
11
Let o be 64/28 + (-4)/14. Calculate the greatest common factor of 4 and o.
2
Suppose 3*d - 5*l - 49 = 0, 6*l - 3*l = 2*d - 33. Calculate the greatest common factor of 18 and d.
18
Suppose 2*b = 7*n - 2*n - 469, 5*b + 289 = 3*n. What is the highest common factor of n and 31?
31
Suppose 3*z - 8 = 2*b, -b - 4*b = 20. Let x = z + 48. What is the highest common divisor of 12 and x?
12
Suppose 10 = 2*d - 3*d. Let t be (-58)/(-18) + 2/(-9). Let w be ((-10)/t)/(d/15). Calculate the greatest common divisor of w and 5.
5
Suppose 1 = f, -2*f = d - 7 + 2. Let o(j) = -2*j**2 - 8*j**2 - 9*j + 3 + 9*j**2 + j. Let v be o(-8). What is the highest common factor of d and v?
3
Let t be 100/80 + 390/8. What is the highest common factor of t and 10?
10
Let d be 3 - -74 - -2*2. What is the highest common divisor of 9 and d?
9
Let y = -4 + 26. Calculate the highest common factor of 110 and y.
22
Let b be 2*8*2/4. Let u = 10 - b. Let x be (-30)/(-8) - 2/(-8). Calculate the highest common factor of u and x.
2
Suppose -3*c - 2 + 104 = 0. Suppose c + 106 = 2*i. What is the highest common factor of 28 and i?
14
Suppose 0 = -2*w + 14 + 6. Suppose -5*x + 3*c = 5*c - 198, 3*x = 2*c + 122. What is the highest common factor of x and w?
10
Suppose -h = -2 - 15. Calculate the highest common divisor of 17 and h.
17
Let m be (-1)/(1/(-2)*2). Let f be (4*m)/((-3)/51). Let i = f - -116. Calculate the greatest common divisor of 32 and i.
16
Suppose 0 = -10*x + 7*x + 6. Suppose x*u + 5*i - 9 = -4, -4*i = -4*u + 24. Calculate the highest common divisor of u and 10.
5
Let d be (-2 - (-2 - 3)) + 25. Suppose v - 5*v = -d. Calculate the greatest common divisor of v and 21.
7
Let b be 370/40 + 1*(-1)/4. Calculate the highest common divisor of b and 45.
9
Let x be (-968)/(-24) - 2/6. What is the highest common factor of 200 and x?
40
Let x = -95 - -134. Suppose i + 0*i - x = 0. What is the greatest common factor of 13 and i?
13
Suppose -5*o + 0*z = z - 190, 4*z = o - 59. Calculate the highest common factor of 13 and o.
13
Suppose c + 0*c - 12 = 0. Let d be (-340)/(-24) - 2/c. What is the greatest common factor of d and 70?
14
Suppose 6 = 5*j - 24. Calculate the greatest common divisor of j and 66.
6
Suppose 7*d = 3*d + 20. Suppose w = 4*x + 28, 0*w + d*w - 95 = 5*x. Suppose 3*i + 4 - 19 = a, -15 = 5*a. Calculate the greatest common divisor of i and w.
4
Suppose g + 18 = t - 3*g, 5*g + 3 = -2*t. Calculate the greatest common divisor of 4 and t.
2
Suppose -4*u + 1229 = 429. What is the highest common divisor of 20 and u?
20
Let h = 5 + 8. What is the highest common divisor of h and 52?
13
Let o(d) = 3*d**3 - 6*d**2 + 6*d - 1. Let w be o(3). What is the greatest common factor of 4 and w?
4
Suppose 0 = 5*t - 4*a - 552, 0 = -4*t + a - 5*a + 456. What is the highest common divisor of t and 7?
7
Suppose -h + 11 = -5*w - 46, -h + 3*w = -57. What is the greatest common factor of h and 19?
19
Let o = 5 - -40. Calculate the highest common factor of 5 and o.
5
Suppose 0 = -d - 2 + 6. Suppose -56 - 4 = -d*s. What is the highest common divisor of 6 and s?
3
Suppose 2*f = 22 + 6. Calculate the highest common divisor of f and 35.
7
Let f(l) = -32*l. Let z(t) = t**3 - 7*t**2 - 5. Let g be z(7). Let w be f(g). What is the greatest common factor of w and 20?
20
Suppose 1 = 4*u - 3. Let a(i) be the second derivative of 13*i**4/12 - i**3/6 + i**2/2 + i. Let c be a(u). Calculate the highest common divisor of c and 26.
13
Suppose v + 5 = y, -y + 3*v + 2 = 1. What is the highest common divisor of 21 and y?
7
Let p = 23 + -15. What is the highest common factor of p and 40?
8
Let o be 2 + 0/((-6)/(-2)). Suppose -o*z - 5*v + 18 = -3*v, -3*v - 29 = -4*z. What is the greatest common factor of 32 and z?
8
Suppose 7*a - 10 = -2*y + 3*a, -2*a = 3*y - 35. Calculate the highest common divisor of 15 and y.
15
Suppose -2*j = -d - 119, d = 5*j - 2*j - 176. What is the highest common divisor of 38 and j?
19
Suppose -9*q + 4*q + 70 = 0. What is the greatest common divisor of q and 42?
14
Suppose -3*d - 9 = y - 0*y, -3*y + 21 = -3*d. Suppose -3*m = -3*u - 87, -50 = -4*m - 2*u + 54. What is the highest common divisor of y and m?
3
Let t(c) be the first derivative of 4*c**3 + 2. Let s(h) = -h + 11. Let o be s(10). Let q be t(o). Calculate the highest common divisor of q and 8.
4
Let u(d) = -4*d + 30. Let i be u(7). Calculate the greatest common factor of i and 2.
2
Suppose -2*o + 24 = -0. What is the highest common divisor of 30 and o?
6
Let r be (1 - 3)*1 + 70. Suppose -3*q + r = -x + 2*x, -2*q + 46 = x. Suppose 16 - 148 = -6*v. What is the highest common factor of q and v?
22
Let c(q) = 4*q**2 - 3*q - 3. Let h be c(-3). Suppose 4*p - h = p. What is the greatest common divisor of p and 7?
7
Let x = 31 - 21. Let q be 5*(-10 + 2)*5/(-4). What is the highest common divisor of q and x?
10
Let l(a) be the second derivative of a**4/12 - a**3 + 9*a**2/2 - 6*a. Let q be l(7). What is the greatest common factor of q and 2?
2
Let h = 21 + -62. Let x = h + 73. What is the greatest common divisor of 32 and x?
32
Suppose 0 = -4*s + 13 + 47. Let u = 5 + -3. Suppose -5*g = 3*f - 25, 2*g - u*f = -5 + 15. Calculate the greatest common factor of g and s.
5
Suppose -5*h + 3*q + 274 = q, 0 = h + 5*q - 44. What is the greatest common factor of h and 6?
6
Let y = -7 - -12. Suppose 0 = -y*p + 68 + 92. What is the greatest common divisor of p and 16?
16
Suppose 2*q + 5*s - 66 = -2*q, s = -4*q + 74. Let d = q + -5. Suppose 5 = g - d. What is the greatest common factor of g and 171?
19
Let t(g) = -g - 9. Let a be t(0). Let x = -34 + 59. Let u = a + x. What is the greatest common factor of 8 and u?
8
Let z(l) = l + 7. Let j be (-2 + 1)/(3/(-18)). Let o be 33/(-9) + 4/j. Let r be z(o). Calculate the greatest common factor of r and 20.
4
Suppose -3*q = -15, -3*v + 78 = -4*q + 29. What is the greatest common divisor of v and 92?
23
Suppose -i - 19 = u, 5*i + 132 = -u + 17. Let y = -19 - i. What is the greatest common divisor of y and 40?
5
Suppose 5*a = 130 - 25. Let c = 99 + -69. Let j = c - 9. Calculate the highest common divisor of j and a.
21
Let t = -1 - -11. Let k be (-1)/((-74)/36 + 2). Let n = -13 + k. Calculate the greatest common factor of t and n.
5
Suppose -y + 35 = 5*p, 4*y - 14 = p - 0*y. Calculate the highest common factor of p and 4.
2
Let x be (-2 - -2)/(1/(-1)). Let y = 5 - x. Calculate the highest common divisor of y and 10.
5
Let d = -14 - -20. What is the greatest common factor of 12 and d?
6
Suppose -4*w = -3*y - 803, -w - 3*y + 139 = -73. Suppose 5*v - w = -3. Suppose -4*a = -5*a + 100. What is the greatest common factor of v and a?
20
Let a be 1 - 0 - (-3 - -2). Let w be (120/(-25))/(6/(-20)). Let z = a + w. What is the greatest common factor of z and 12?
6
Let j(a) = 5*a + 7. Let v be j(11). Let b = 152 - v. Suppose -4*s = 5*i - 35, -4 = -3*s - 2*i + 24. Calculate the greatest common divisor of s and b.
10
Let j = 27 + -13. Let d(i) = 5*i + 3*i**3 - 4*i**3 + 2 + 2*i**3 + 6*i**2. Let a be d(-4). What is the greatest common divisor of a and j?
14
Suppose 9 - 25 = -2*q. Suppose 4*a = -p + 162, p = -a + 4*p + 34. What is the highest common divisor of q and a?
8
Let g(o) = o**2 - 4*o - 6. Let j be g(6). What is the highest common divisor of j and 15?
3
Let k be 2595/20 + (-1)/(-4). Suppose 0 = 5*a - k + 45. What is the greatest common divisor of 51 and a?
17
Let a be (-18)/(-8) + 18/24. Suppose 11 = 4*j - x, -x + a*x + 14 = 4*j. Calculate the greatest common factor of 22 and j.
2
Let b = -2 - 18. Let g be (-54)/(-5) + (-4)/b. What is the highest common divisor of g and 44?
11
Let b = -15 + 24. Suppose -2*i - 3 = -3*i. Calculate the highest common divisor of b and i.
3
Suppose -i = u - 0*i - 18, -57 = -4*u - i. Calculate the highest common divisor of 13 and u.
13
Let x = -1 - -9. Let l = 8 - x. Let y = l + 2. Calculate the highest co